{"id":9274,"date":"2025-01-13T20:27:42","date_gmt":"2025-01-13T19:27:42","guid":{"rendered":""},"modified":"2025-01-14T11:31:10","modified_gmt":"2025-01-14T10:31:10","slug":"solight-full-hd-fotopasca-se-solarnym-panelom","status":"publish","type":"product","link":"https:\/\/naby.sk\/index.php\/produkt\/solight-full-hd-fotopasca-se-solarnym-panelom\/","title":{"rendered":"Solight full HD fotopasca se sol\u00e1rn\u00fdm panelom"},"content":{"rendered":"<p><UL><br \/>\n<LI> zabudovan\u00fd sol\u00e1rny panel zaist\u00ed a\u017e 80% pokrytie spotreby fotopasce, \u010d\u00edm d\u00f4jde k podstatn\u00e9mu pred\u013a\u017eeniu doby pou\u017e\u00edvania<\/LI><br \/>\n<LI> re\u017eim fotografie, vide\u00e1, \u010dasozbern\u00fd re\u017eim<\/LI><br \/>\n<LI> rozl\u00ed\u0161enie videa 1080P\/720P\/480P\/360P, form\u00e1t .avi<\/LI><br \/>\n<LI> rozl\u00ed\u0161enie fotografie 1\/3\/5\/8\/12\/16\/20\/24Mpx, form\u00e1t .jpeg<\/LI><br \/>\n<LI> CMOS 1\/3&#8243; senzor<\/LI><br \/>\n<LI> farebn\u00fd displej s uhloprie\u010dkou 5cm (2&#8243;)<\/LI><br \/>\n<LI> dosah PIR \u010didla a\u017e 20m<\/LI><br \/>\n<LI> 20 IR LED (940nm), dosvit v noci a\u017e 20m<\/LI><br \/>\n<LI> uhol z\u00e1beru PIR \u010didla 120\u00b0<\/LI><br \/>\n<LI> r\u00fdchlos\u0165 sp\u00fa\u0161te 0,4s<\/LI><br \/>\n<LI> d\u013a\u017eka videa 3s &#8211; 10min<\/LI><br \/>\n<LI> SD\/SDHC karta a\u017e 32GB (nie je s\u00fa\u010das\u0165ou balenia)<\/LI><br \/>\n<LI> stupe\u0148 krytia IP65<\/LI><br \/>\n<LI> zabudovan\u00fd mikrof\u00f3n a reproduktor<\/LI><br \/>\n<LI> menu je v jazykoch: Sloven\u010dina, Sloven\u010dina, Po\u013e\u0161tina, Nem\u010dina, Angli\u010dtina<\/LI><br \/>\n<LI> v\u00fddr\u017e v pohotovostnom re\u017eime 6-8 mesiacov (v z\u00e1vislosti od prostredia, frekvencie pou\u017eitia a dostupnosti slne\u010dn\u00e9ho svitu)<\/LI><br \/>\n<LI> zabudovan\u00e1 bat\u00e9ria Li-Ion 18650 2500mAh je dob\u00edjan\u00e1 zo sol\u00e1rneho panelu<\/LI><br \/>\n<LI> nap\u00e1janie 4x AA bat\u00e9rie (nie s\u00fa s\u00fa\u010das\u0165ou balenia)<\/LI><br \/>\n<LI> s\u00fa\u010das\u0165 balenia: d\u00e1tov\u00fd k\u00e1bel USB-C, upev\u0148ovac\u00ed popruh (145cm), nastavite\u013en\u00fd mont\u00e1\u017eny dr\u017eiak, n\u00e1vod<\/LI><br \/>\n<LI> rozmery\/hmotnos\u0165: 145x105x95mm\/290g<\/LI><br \/>\n<LI> farba: \u010dierna<\/LI><br \/>\n<LI> pracovn\u00e1 teplota: -20 + 60 \u00b0C<\/LI><br \/>\n<\/UL><\/p>\n","protected":false},"excerpt":{"rendered":"<p>zabudovan\u00fd sol\u00e1rny panel zaist\u00ed a\u017e 80% pokrytie spotreby fotopasce, \u010d\u00edm d\u00f4jde k podstatn\u00e9mu pred\u013a\u017eeniu doby pou\u017e\u00edvania re\u017eim fotografie, vide\u00e1, \u010dasozbern\u00fd re\u017eim rozl\u00ed\u0161enie videa 1080P\/720P\/480P\/360P, form\u00e1t .avi rozl\u00ed\u0161enie fotografie 1\/3\/5\/8\/12\/16\/20\/24Mpx, form\u00e1t .jpeg CMOS 1\/3&#8243; senzor farebn\u00fd displej s uhloprie\u010dkou 5cm (2&#8243;) dosah PIR \u010didla a\u017e 20m 20 IR LED (940nm), dosvit v noci a\u017e 20m uhol [&hellip;]<\/p>\n","protected":false},"featured_media":9285,"comment_status":"open","ping_status":"closed","template":"","meta":[],"product_cat":[221],"product_tag":[],"class_list":{"0":"post-9274","1":"product","2":"type-product","3":"status-publish","4":"has-post-thumbnail","6":"product_cat-kamery","8":"first","9":"instock","10":"shipping-taxable","11":"purchasable","12":"product-type-simple"},"_links":{"self":[{"href":"https:\/\/naby.sk\/index.php\/wp-json\/wp\/v2\/product\/9274","targetHints":{"allow":["GET"]}}],"collection":[{"href":"https:\/\/naby.sk\/index.php\/wp-json\/wp\/v2\/product"}],"about":[{"href":"https:\/\/naby.sk\/index.php\/wp-json\/wp\/v2\/types\/product"}],"replies":[{"embeddable":true,"href":"https:\/\/naby.sk\/index.php\/wp-json\/wp\/v2\/comments?post=9274"}],"wp:featuredmedia":[{"embeddable":true,"href":"https:\/\/naby.sk\/index.php\/wp-json\/wp\/v2\/media\/9285"}],"wp:attachment":[{"href":"https:\/\/naby.sk\/index.php\/wp-json\/wp\/v2\/media?parent=9274"}],"wp:term":[{"taxonomy":"product_cat","embeddable":true,"href":"https:\/\/naby.sk\/index.php\/wp-json\/wp\/v2\/product_cat?post=9274"},{"taxonomy":"product_tag","embeddable":true,"href":"https:\/\/naby.sk\/index.php\/wp-json\/wp\/v2\/product_tag?post=9274"}],"curies":[{"name":"wp","href":"https:\/\/api.w.org\/{rel}","templated":true}]}}