{"id":8030,"date":"2025-01-13T20:23:23","date_gmt":"2025-01-13T19:23:23","guid":{"rendered":""},"modified":"2025-01-14T11:30:58","modified_gmt":"2025-01-14T10:30:58","slug":"solight-bezdrotova-15w-vstavana-nabijacka-biela","status":"publish","type":"product","link":"https:\/\/naby.sk\/index.php\/produkt\/solight-bezdrotova-15w-vstavana-nabijacka-biela\/","title":{"rendered":"Solight bezdr\u00f4tov\u00e1 15W vstavan\u00e1 nab\u00edja\u010dka, biela"},"content":{"rendered":"<p><UL><br \/>\n<LI> zabudovan\u00e1 bezdr\u00f4tov\u00e1 nab\u00edjacia podlo\u017eka <\/LI><br \/>\n<LI> bezdr\u00f4tov\u00e9 nab\u00edjanie Qi 15W <\/LI><br \/>\n<LI> AC\/DC adapt\u00e9r DC 12,0 V\/2,0 A, 24 W, 1,5 m nap\u00e1jac\u00ed k\u00e1bel <\/LI><br \/>\n<LI> priemer otvoru v hornej \u010dasti stola: 60 mm <\/LI><br \/>\n<LI> nab\u00edjac\u00ed v\u00fdkon 15 W &#8211; 10 W &#8211; 7,5 W &#8211; 5 W <\/LI><br \/>\n<LI> farba horn\u00e9ho krytu: biela <\/LI><br \/>\n<\/UL><\/p>\n","protected":false},"excerpt":{"rendered":"<p>zabudovan\u00e1 bezdr\u00f4tov\u00e1 nab\u00edjacia podlo\u017eka bezdr\u00f4tov\u00e9 nab\u00edjanie Qi 15W AC\/DC adapt\u00e9r DC 12,0 V\/2,0 A, 24 W, 1,5 m nap\u00e1jac\u00ed k\u00e1bel priemer otvoru v hornej \u010dasti stola: 60 mm nab\u00edjac\u00ed v\u00fdkon 15 W &#8211; 10 W &#8211; 7,5 W &#8211; 5 W farba horn\u00e9ho krytu: biela<\/p>\n","protected":false},"featured_media":8039,"comment_status":"open","ping_status":"closed","template":"","meta":[],"product_cat":[240],"product_tag":[],"class_list":{"0":"post-8030","1":"product","2":"type-product","3":"status-publish","4":"has-post-thumbnail","6":"product_cat-usb-adaptery","8":"first","9":"instock","10":"shipping-taxable","11":"purchasable","12":"product-type-simple"},"_links":{"self":[{"href":"https:\/\/naby.sk\/index.php\/wp-json\/wp\/v2\/product\/8030","targetHints":{"allow":["GET"]}}],"collection":[{"href":"https:\/\/naby.sk\/index.php\/wp-json\/wp\/v2\/product"}],"about":[{"href":"https:\/\/naby.sk\/index.php\/wp-json\/wp\/v2\/types\/product"}],"replies":[{"embeddable":true,"href":"https:\/\/naby.sk\/index.php\/wp-json\/wp\/v2\/comments?post=8030"}],"wp:featuredmedia":[{"embeddable":true,"href":"https:\/\/naby.sk\/index.php\/wp-json\/wp\/v2\/media\/8039"}],"wp:attachment":[{"href":"https:\/\/naby.sk\/index.php\/wp-json\/wp\/v2\/media?parent=8030"}],"wp:term":[{"taxonomy":"product_cat","embeddable":true,"href":"https:\/\/naby.sk\/index.php\/wp-json\/wp\/v2\/product_cat?post=8030"},{"taxonomy":"product_tag","embeddable":true,"href":"https:\/\/naby.sk\/index.php\/wp-json\/wp\/v2\/product_tag?post=8030"}],"curies":[{"name":"wp","href":"https:\/\/api.w.org\/{rel}","templated":true}]}}