{"id":5531,"date":"2025-01-13T20:14:50","date_gmt":"2025-01-13T19:14:50","guid":{"rendered":""},"modified":"2025-01-14T11:30:26","modified_gmt":"2025-01-14T10:30:26","slug":"solight-usb-nabijaci-adapter-1x-usb-2400ma-ac-230v-cierny","status":"publish","type":"product","link":"https:\/\/naby.sk\/index.php\/produkt\/solight-usb-nabijaci-adapter-1x-usb-2400ma-ac-230v-cierny\/","title":{"rendered":"Solight USB nab\u00edjac\u00ed adapt\u00e9r, 1x USB, 2400mA, AC 230V, \u010dierny"},"content":{"rendered":"<p><UL><br \/>\n<LI> pre dob\u00edjanie multimedi\u00e1lnych zariaden\u00ed<\/LI><br \/>\n<LI> GSM telefon, GPS navig\u00e1cia,  MP3 prehr\u00e1va\u010d apod.<\/LI><br \/>\n<LI> 1 x USB v\u00fdstup typu A<\/LI><br \/>\n<LI> ochrana proti prebitiu, pre\u0165a\u017eeniu, prep\u00e4tiu, prehriatiu a proti skratu<\/LI><br \/>\n<LI> vstup: AC 100-240V, 50\/60Hz<\/LI><br \/>\n<LI> v\u00fdstup: DC 5V\/2400mA<\/LI><br \/>\n<LI> farba: \u010dierna<\/LI><br \/>\n<LI> balenie: \u0161katu\u013eka<\/LI><br \/>\n<\/UL><\/p>\n","protected":false},"excerpt":{"rendered":"<p>pre dob\u00edjanie multimedi\u00e1lnych zariaden\u00ed GSM telefon, GPS navig\u00e1cia, MP3 prehr\u00e1va\u010d apod. 1 x USB v\u00fdstup typu A ochrana proti prebitiu, pre\u0165a\u017eeniu, prep\u00e4tiu, prehriatiu a proti skratu vstup: AC 100-240V, 50\/60Hz v\u00fdstup: DC 5V\/2400mA farba: \u010dierna balenie: \u0161katu\u013eka<\/p>\n","protected":false},"featured_media":5536,"comment_status":"open","ping_status":"closed","template":"","meta":[],"product_cat":[240],"product_tag":[],"class_list":{"0":"post-5531","1":"product","2":"type-product","3":"status-publish","4":"has-post-thumbnail","6":"product_cat-usb-adaptery","8":"first","9":"instock","10":"shipping-taxable","11":"purchasable","12":"product-type-simple"},"_links":{"self":[{"href":"https:\/\/naby.sk\/index.php\/wp-json\/wp\/v2\/product\/5531","targetHints":{"allow":["GET"]}}],"collection":[{"href":"https:\/\/naby.sk\/index.php\/wp-json\/wp\/v2\/product"}],"about":[{"href":"https:\/\/naby.sk\/index.php\/wp-json\/wp\/v2\/types\/product"}],"replies":[{"embeddable":true,"href":"https:\/\/naby.sk\/index.php\/wp-json\/wp\/v2\/comments?post=5531"}],"wp:featuredmedia":[{"embeddable":true,"href":"https:\/\/naby.sk\/index.php\/wp-json\/wp\/v2\/media\/5536"}],"wp:attachment":[{"href":"https:\/\/naby.sk\/index.php\/wp-json\/wp\/v2\/media?parent=5531"}],"wp:term":[{"taxonomy":"product_cat","embeddable":true,"href":"https:\/\/naby.sk\/index.php\/wp-json\/wp\/v2\/product_cat?post=5531"},{"taxonomy":"product_tag","embeddable":true,"href":"https:\/\/naby.sk\/index.php\/wp-json\/wp\/v2\/product_tag?post=5531"}],"curies":[{"name":"wp","href":"https:\/\/api.w.org\/{rel}","templated":true}]}}