{"id":535,"date":"2025-01-13T20:03:52","date_gmt":"2025-01-13T19:03:52","guid":{"rendered":""},"modified":"2025-01-14T11:29:35","modified_gmt":"2025-01-14T10:29:35","slug":"solight-cestovny-adapter-uzemneny-vymenne-vidlice-pre-cely-svet","status":"publish","type":"product","link":"https:\/\/naby.sk\/index.php\/produkt\/solight-cestovny-adapter-uzemneny-vymenne-vidlice-pre-cely-svet\/","title":{"rendered":"Solight cestovn\u00fd adapt\u00e9r, uzemnen\u00fd, v\u00fdmenn\u00e9 vidlice pre cel\u00fd svet"},"content":{"rendered":"<p><UL><br \/>\n<LI> cestovn\u00fd adapt\u00e9r s uzemnen\u00edm pre viac ne\u017e 150 kraj\u00edn sveta<\/LI><br \/>\n<LI> \u013eahk\u00e1 manipul\u00e1cia s n\u00e1stavcami<\/LI><br \/>\n<LI> farba: biela<\/LI><br \/>\n<LI> vstup: AC 100 &#8211; 250V, 50\/60Hz<\/LI><br \/>\n<LI> max. pr\u00edkon spotrebi\u010da: 1500W<\/LI><br \/>\n<LI> n\u00e1stavce:<\/LI><br \/>\n<LI>  n\u00e1stavec pre \u0160vaj\u010diarsko (Typ J): 10A\/250V~<\/LI><br \/>\n<LI>  n\u00e1stavec pre VB (Typ G): 13A\/250V~ + 13A poistka<\/LI><br \/>\n<LI>  n\u00e1stavec pre USA (Typ B): 15A\/250V~<\/LI><br \/>\n<LI>  n\u00e1stavec pre \u010c\u00ednu (Typ I): 10A\/250V~<\/LI><br \/>\n<LI>  n\u00e1stavec pre Taliansko (Typ L): 10A\/250V~<\/LI><\/p>\n<p><\/UL><\/p>\n","protected":false},"excerpt":{"rendered":"<p>cestovn\u00fd adapt\u00e9r s uzemnen\u00edm pre viac ne\u017e 150 kraj\u00edn sveta \u013eahk\u00e1 manipul\u00e1cia s n\u00e1stavcami farba: biela vstup: AC 100 &#8211; 250V, 50\/60Hz max. pr\u00edkon spotrebi\u010da: 1500W n\u00e1stavce: n\u00e1stavec pre \u0160vaj\u010diarsko (Typ J): 10A\/250V~ n\u00e1stavec pre VB (Typ G): 13A\/250V~ + 13A poistka n\u00e1stavec pre USA (Typ B): 15A\/250V~ n\u00e1stavec pre \u010c\u00ednu (Typ I): 10A\/250V~ n\u00e1stavec [&hellip;]<\/p>\n","protected":false},"featured_media":542,"comment_status":"open","ping_status":"closed","template":"","meta":[],"product_cat":[162],"product_tag":[],"class_list":{"0":"post-535","1":"product","2":"type-product","3":"status-publish","4":"has-post-thumbnail","6":"product_cat-cestovne-adaptery","8":"first","9":"instock","10":"shipping-taxable","11":"purchasable","12":"product-type-simple"},"_links":{"self":[{"href":"https:\/\/naby.sk\/index.php\/wp-json\/wp\/v2\/product\/535","targetHints":{"allow":["GET"]}}],"collection":[{"href":"https:\/\/naby.sk\/index.php\/wp-json\/wp\/v2\/product"}],"about":[{"href":"https:\/\/naby.sk\/index.php\/wp-json\/wp\/v2\/types\/product"}],"replies":[{"embeddable":true,"href":"https:\/\/naby.sk\/index.php\/wp-json\/wp\/v2\/comments?post=535"}],"wp:featuredmedia":[{"embeddable":true,"href":"https:\/\/naby.sk\/index.php\/wp-json\/wp\/v2\/media\/542"}],"wp:attachment":[{"href":"https:\/\/naby.sk\/index.php\/wp-json\/wp\/v2\/media?parent=535"}],"wp:term":[{"taxonomy":"product_cat","embeddable":true,"href":"https:\/\/naby.sk\/index.php\/wp-json\/wp\/v2\/product_cat?post=535"},{"taxonomy":"product_tag","embeddable":true,"href":"https:\/\/naby.sk\/index.php\/wp-json\/wp\/v2\/product_tag?post=535"}],"curies":[{"name":"wp","href":"https:\/\/api.w.org\/{rel}","templated":true}]}}