{"id":473,"date":"2025-01-13T20:03:49","date_gmt":"2025-01-13T19:03:49","guid":{"rendered":""},"modified":"2025-01-14T11:29:35","modified_gmt":"2025-01-14T10:29:35","slug":"solight-led-projekcna-gula-multicolor-9-rezimov-otacanie-usb-4x-aaa","status":"publish","type":"product","link":"https:\/\/naby.sk\/index.php\/produkt\/solight-led-projekcna-gula-multicolor-9-rezimov-otacanie-usb-4x-aaa\/","title":{"rendered":"Solight LED  projek\u010dn\u00e1 gu\u013ea, multicolor, 9 re\u017eimov, ot\u00e1\u010danie, USB, 4x AAA"},"content":{"rendered":"<p><UL><br \/>\n<LI> LED viano\u010dn\u00e9 projek\u010dn\u00e9 gule- premieta mot\u00edvy hviezd a no\u010dn\u00e9ho neba<\/LI><br \/>\n<LI> premieta mot\u00edvy hviezd a no\u010dn\u00e9ho neba<\/LI><br \/>\n<LI> farba projekcia: biela, modr\u00e1, zelen\u00e1, \u010derven\u00e1<\/LI><br \/>\n<LI> po\u010det re\u017eimov svietenia: 9 (svietenie samostatn\u00fdch farieb, prel\u00ednanie farieb, blikanie apod.)<\/LI><br \/>\n<LI> funkcia ot\u00e1\u010danie gule<\/LI><br \/>\n<LI> nap\u00e1janie: 4x AAA (nie s\u00fa s\u00fa\u010das\u0165ou), alebo USB k\u00e1blom (s\u00fa\u010das\u0165ou)<\/LI><br \/>\n<LI> v\u00fddr\u017e bat\u00e9ri\u00ed: cca 72hodin (v z\u00e1vislosti na kvalite bat\u00e9ri\u00ed)<\/LI><br \/>\n<LI> trieda ochrany: IP20 (vn\u00fatorn\u00e9 pou\u017eitie)<\/LI><br \/>\n<LI> rozmer: 15 x 13cm<\/LI><br \/>\n<LI> farba: biela, \u010dierna<\/LI><br \/>\n<LI> materi\u00e1l: PVC<\/LI><br \/>\n<LI> balenie: farebn\u00e1 krabica<\/LI><br \/>\n<\/UL><\/p>\n","protected":false},"excerpt":{"rendered":"<p>LED viano\u010dn\u00e9 projek\u010dn\u00e9 gule- premieta mot\u00edvy hviezd a no\u010dn\u00e9ho neba premieta mot\u00edvy hviezd a no\u010dn\u00e9ho neba farba projekcia: biela, modr\u00e1, zelen\u00e1, \u010derven\u00e1 po\u010det re\u017eimov svietenia: 9 (svietenie samostatn\u00fdch farieb, prel\u00ednanie farieb, blikanie apod.) funkcia ot\u00e1\u010danie gule nap\u00e1janie: 4x AAA (nie s\u00fa s\u00fa\u010das\u0165ou), alebo USB k\u00e1blom (s\u00fa\u010das\u0165ou) v\u00fddr\u017e bat\u00e9ri\u00ed: cca 72hodin (v z\u00e1vislosti na kvalite bat\u00e9ri\u00ed) [&hellip;]<\/p>\n","protected":false},"featured_media":480,"comment_status":"open","ping_status":"closed","template":"","meta":[],"product_cat":[183],"product_tag":[],"class_list":{"0":"post-473","1":"product","2":"type-product","3":"status-publish","4":"has-post-thumbnail","6":"product_cat-vianocne-led-dekoracie","8":"first","9":"instock","10":"shipping-taxable","11":"purchasable","12":"product-type-simple"},"_links":{"self":[{"href":"https:\/\/naby.sk\/index.php\/wp-json\/wp\/v2\/product\/473","targetHints":{"allow":["GET"]}}],"collection":[{"href":"https:\/\/naby.sk\/index.php\/wp-json\/wp\/v2\/product"}],"about":[{"href":"https:\/\/naby.sk\/index.php\/wp-json\/wp\/v2\/types\/product"}],"replies":[{"embeddable":true,"href":"https:\/\/naby.sk\/index.php\/wp-json\/wp\/v2\/comments?post=473"}],"wp:featuredmedia":[{"embeddable":true,"href":"https:\/\/naby.sk\/index.php\/wp-json\/wp\/v2\/media\/480"}],"wp:attachment":[{"href":"https:\/\/naby.sk\/index.php\/wp-json\/wp\/v2\/media?parent=473"}],"wp:term":[{"taxonomy":"product_cat","embeddable":true,"href":"https:\/\/naby.sk\/index.php\/wp-json\/wp\/v2\/product_cat?post=473"},{"taxonomy":"product_tag","embeddable":true,"href":"https:\/\/naby.sk\/index.php\/wp-json\/wp\/v2\/product_tag?post=473"}],"curies":[{"name":"wp","href":"https:\/\/api.w.org\/{rel}","templated":true}]}}