{"id":3294,"date":"2025-01-13T20:08:06","date_gmt":"2025-01-13T19:08:06","guid":{"rendered":""},"modified":"2025-01-14T11:30:04","modified_gmt":"2025-01-14T10:30:04","slug":"solight-usb-c-20w-fast-charger","status":"publish","type":"product","link":"https:\/\/naby.sk\/index.php\/produkt\/solight-usb-c-20w-fast-charger\/","title":{"rendered":"Solight USB-C 20W fast charger"},"content":{"rendered":"<p><UL><br \/>\n<LI> univerz\u00e1lny nap\u00e1jac\u00ed adapt\u00e9r USB-C 20W<\/LI><br \/>\n<LI> r\u00fdchle nab\u00edjanie PD fast charge<\/LI><br \/>\n<LI> vstup: AC 100 &#8211; 240V, 50\/60Hz, 0.6A max.<\/LI><br \/>\n<LI> v\u00fdstup: DC 5V\/3A; 9V\/2.22A; 12V\/1.66A; 20 W max.<\/LI><br \/>\n<LI> ochrana pri skrate, nadpr\u00fadov\u00e1 ochrana<\/LI><br \/>\n<LI> rozmery: 42x27x79mm<\/LI><br \/>\n<LI> farba: biela <\/LI><br \/>\n<\/UL><\/p>\n","protected":false},"excerpt":{"rendered":"<p>univerz\u00e1lny nap\u00e1jac\u00ed adapt\u00e9r USB-C 20W r\u00fdchle nab\u00edjanie PD fast charge vstup: AC 100 &#8211; 240V, 50\/60Hz, 0.6A max. v\u00fdstup: DC 5V\/3A; 9V\/2.22A; 12V\/1.66A; 20 W max. ochrana pri skrate, nadpr\u00fadov\u00e1 ochrana rozmery: 42x27x79mm farba: biela<\/p>\n","protected":false},"featured_media":3301,"comment_status":"open","ping_status":"closed","template":"","meta":[],"product_cat":[240],"product_tag":[],"class_list":{"0":"post-3294","1":"product","2":"type-product","3":"status-publish","4":"has-post-thumbnail","6":"product_cat-usb-adaptery","8":"first","9":"instock","10":"shipping-taxable","11":"purchasable","12":"product-type-simple"},"_links":{"self":[{"href":"https:\/\/naby.sk\/index.php\/wp-json\/wp\/v2\/product\/3294","targetHints":{"allow":["GET"]}}],"collection":[{"href":"https:\/\/naby.sk\/index.php\/wp-json\/wp\/v2\/product"}],"about":[{"href":"https:\/\/naby.sk\/index.php\/wp-json\/wp\/v2\/types\/product"}],"replies":[{"embeddable":true,"href":"https:\/\/naby.sk\/index.php\/wp-json\/wp\/v2\/comments?post=3294"}],"wp:featuredmedia":[{"embeddable":true,"href":"https:\/\/naby.sk\/index.php\/wp-json\/wp\/v2\/media\/3301"}],"wp:attachment":[{"href":"https:\/\/naby.sk\/index.php\/wp-json\/wp\/v2\/media?parent=3294"}],"wp:term":[{"taxonomy":"product_cat","embeddable":true,"href":"https:\/\/naby.sk\/index.php\/wp-json\/wp\/v2\/product_cat?post=3294"},{"taxonomy":"product_tag","embeddable":true,"href":"https:\/\/naby.sk\/index.php\/wp-json\/wp\/v2\/product_tag?post=3294"}],"curies":[{"name":"wp","href":"https:\/\/api.w.org\/{rel}","templated":true}]}}