{"id":2712,"date":"2025-01-13T20:07:00","date_gmt":"2025-01-13T19:07:00","guid":{"rendered":""},"modified":"2025-01-14T11:29:58","modified_gmt":"2025-01-14T10:29:58","slug":"solight-bezdrotovy-zvoncek-do-zasuvky-250m-biely-learning-code","status":"publish","type":"product","link":"https:\/\/naby.sk\/index.php\/produkt\/solight-bezdrotovy-zvoncek-do-zasuvky-250m-biely-learning-code\/","title":{"rendered":"Solight bezdr\u00f4tov\u00fd zvon\u010dek, do z\u00e1suvky, 250m, biely, learning code"},"content":{"rendered":"<p><UL><br \/>\n<LI> 4 re\u017eimy zvonenia: len zvonenie, blikanie, zvonenie a blikanie, zvonenie a nepretr\u017eit\u00e9 svetlo. Re\u017eim nepretr\u017eit\u00e9ho svietenia sl\u00fa\u017ei aj ako no\u010dn\u00e9 svetielko.<\/LI><br \/>\n<LI> funkcia&#8220; Learning code &#8222;umo\u017e\u0148uje sp\u00e1rovanie viac zvon\u010dekov alebo tla\u010didiel do jednej skupiny<\/LI><br \/>\n<LI> pam\u00e4\u0165 nastavenia aj pri vytiahnut\u00ed zo z\u00e1suvky alebo v\u00fdpadku elektrickej energie<\/LI><br \/>\n<LI> 58 volite\u013en\u00fdch mel\u00f3di\u00ed<\/LI><br \/>\n<LI> LED indik\u00e1tor zvonenia na zvon\u010deku aj tla\u010didle<\/LI><br \/>\n<LI> tla\u010didlo s krytom na menovku<\/LI><br \/>\n<LI> vodotesn\u00e1 ochrana tla\u010didla IP55<\/LI><br \/>\n<LI> nastavenie hlasitosti zvon\u010deka &#8211; 5 stup\u0148ov (25 &#8211; 85dB)<\/LI><br \/>\n<LI> uchytenie tla\u010didla pomocou samolepiacej podlo\u017eky alebo mont\u00e1\u017en\u00fdch otvorov<\/LI><br \/>\n<LI> farba: biela<\/LI><br \/>\n<LI> dosah sign\u00e1lu na otvorenom priestranstve: 250m<\/LI><br \/>\n<LI> prenosov\u00e1 frekvencia: 433MHz<\/LI><br \/>\n<LI> nap\u00e1janie:<\/LI><br \/>\n<LI>  tla\u010didlo: 1x 3V (CR2032) bat\u00e9ria (s\u00fa\u010das\u0165ou balenia)<\/LI><br \/>\n<LI>  zvon\u010dek: AC 230V &#8211; do z\u00e1suvky<\/LI><br \/>\n<LI> pracovn\u00e1 teplota: -10\u00b0C a\u017e +40\u00b0C<\/LI><br \/>\n<LI> spotreba energie: prij\u00edma\u010d (zvon\u010dek) v k\u013eudovom re\u017eime: <0,5W<\/LI><br \/>\n<LI>                          vysiela\u010d (tla\u010didlo) v prev\u00e1dzkovom re\u017eime: <10mW<\/LI><br \/>\n<\/UL><\/p>\n","protected":false},"excerpt":{"rendered":"<p>4 re\u017eimy zvonenia: len zvonenie, blikanie, zvonenie a blikanie, zvonenie a nepretr\u017eit\u00e9 svetlo. Re\u017eim nepretr\u017eit\u00e9ho svietenia sl\u00fa\u017ei aj ako no\u010dn\u00e9 svetielko. funkcia&#8220; Learning code &#8222;umo\u017e\u0148uje sp\u00e1rovanie viac zvon\u010dekov alebo tla\u010didiel do jednej skupiny pam\u00e4\u0165 nastavenia aj pri vytiahnut\u00ed zo z\u00e1suvky alebo v\u00fdpadku elektrickej energie 58 volite\u013en\u00fdch mel\u00f3di\u00ed LED indik\u00e1tor zvonenia na zvon\u010deku aj tla\u010didle tla\u010didlo [&hellip;]<\/p>\n","protected":false},"featured_media":2715,"comment_status":"open","ping_status":"closed","template":"","meta":[],"product_cat":[206],"product_tag":[],"class_list":{"0":"post-2712","1":"product","2":"type-product","3":"status-publish","4":"has-post-thumbnail","6":"product_cat-bezdrotove-zvonceky","8":"first","9":"instock","10":"shipping-taxable","11":"purchasable","12":"product-type-simple"},"_links":{"self":[{"href":"https:\/\/naby.sk\/index.php\/wp-json\/wp\/v2\/product\/2712","targetHints":{"allow":["GET"]}}],"collection":[{"href":"https:\/\/naby.sk\/index.php\/wp-json\/wp\/v2\/product"}],"about":[{"href":"https:\/\/naby.sk\/index.php\/wp-json\/wp\/v2\/types\/product"}],"replies":[{"embeddable":true,"href":"https:\/\/naby.sk\/index.php\/wp-json\/wp\/v2\/comments?post=2712"}],"wp:featuredmedia":[{"embeddable":true,"href":"https:\/\/naby.sk\/index.php\/wp-json\/wp\/v2\/media\/2715"}],"wp:attachment":[{"href":"https:\/\/naby.sk\/index.php\/wp-json\/wp\/v2\/media?parent=2712"}],"wp:term":[{"taxonomy":"product_cat","embeddable":true,"href":"https:\/\/naby.sk\/index.php\/wp-json\/wp\/v2\/product_cat?post=2712"},{"taxonomy":"product_tag","embeddable":true,"href":"https:\/\/naby.sk\/index.php\/wp-json\/wp\/v2\/product_tag?post=2712"}],"curies":[{"name":"wp","href":"https:\/\/api.w.org\/{rel}","templated":true}]}}