{"id":2401,"date":"2025-01-13T20:06:26","date_gmt":"2025-01-13T19:06:26","guid":{"rendered":""},"modified":"2025-01-14T11:29:56","modified_gmt":"2025-01-14T10:29:56","slug":"solight-bezdrotovy-zvoncek-do-zasuvky-120m-biely","status":"publish","type":"product","link":"https:\/\/naby.sk\/index.php\/produkt\/solight-bezdrotovy-zvoncek-do-zasuvky-120m-biely\/","title":{"rendered":"Solight bezdr\u00f4tov\u00fd zvon\u010dek, do z\u00e1suvky, 120m, biely"},"content":{"rendered":"<ul>\n<li> 48 volite\u013en\u00fdch mel\u00f3di\u00ed, z toho 16 polyf\u00f3nnych<\/li>\n<li> LED indik\u00e1tor zvonenia na zvon\u010deku aj tla\u010didle<\/li>\n<li> tla\u010didlo s krytom na menovku<\/li>\n<li> vodotesn\u00e1 ochrana tla\u010didla IP44<\/li>\n<li> nastavenie hlasitosti zvon\u010deka &#8211; 3 stupne (50 &#8211; 90dB)<\/li>\n<li> uchytenie tla\u010didla pomocou samolepiacej podlo\u017eky<\/li>\n<li> farba: biela<\/li>\n<li> dosah sign\u00e1lu na otvorenom priestranstve: 120m<\/li>\n<li>nap\u00e1janie:<br \/>\ntla\u010didlo: 1 x 12V (LR23A) bat\u00e9ria (s\u00fa\u010das\u0165ou balenia)<br \/>\nzvon\u010dek: AC 230V &#8211; plug-in<\/li>\n<li> pracovn\u00e1 teplota: -10\u00b0C a\u017e +40\u00b0C<\/li>\n<\/ul>\n","protected":false},"excerpt":{"rendered":"<p>48 volite\u013en\u00fdch mel\u00f3di\u00ed, z toho 16 polyf\u00f3nnych LED indik\u00e1tor zvonenia na zvon\u010deku aj tla\u010didle tla\u010didlo s krytom na menovku vodotesn\u00e1 ochrana tla\u010didla IP44 nastavenie hlasitosti zvon\u010deka &#8211; 3 stupne (50 &#8211; 90dB) uchytenie tla\u010didla pomocou samolepiacej podlo\u017eky farba: biela dosah sign\u00e1lu na otvorenom priestranstve: 120m nap\u00e1janie: tla\u010didlo: 1 x 12V (LR23A) bat\u00e9ria (s\u00fa\u010das\u0165ou balenia) zvon\u010dek: [&hellip;]<\/p>\n","protected":false},"featured_media":2404,"comment_status":"open","ping_status":"closed","template":"","meta":[],"product_cat":[206],"product_tag":[],"class_list":{"0":"post-2401","1":"product","2":"type-product","3":"status-publish","4":"has-post-thumbnail","6":"product_cat-bezdrotove-zvonceky","8":"first","9":"instock","10":"shipping-taxable","11":"purchasable","12":"product-type-simple"},"_links":{"self":[{"href":"https:\/\/naby.sk\/index.php\/wp-json\/wp\/v2\/product\/2401","targetHints":{"allow":["GET"]}}],"collection":[{"href":"https:\/\/naby.sk\/index.php\/wp-json\/wp\/v2\/product"}],"about":[{"href":"https:\/\/naby.sk\/index.php\/wp-json\/wp\/v2\/types\/product"}],"replies":[{"embeddable":true,"href":"https:\/\/naby.sk\/index.php\/wp-json\/wp\/v2\/comments?post=2401"}],"wp:featuredmedia":[{"embeddable":true,"href":"https:\/\/naby.sk\/index.php\/wp-json\/wp\/v2\/media\/2404"}],"wp:attachment":[{"href":"https:\/\/naby.sk\/index.php\/wp-json\/wp\/v2\/media?parent=2401"}],"wp:term":[{"taxonomy":"product_cat","embeddable":true,"href":"https:\/\/naby.sk\/index.php\/wp-json\/wp\/v2\/product_cat?post=2401"},{"taxonomy":"product_tag","embeddable":true,"href":"https:\/\/naby.sk\/index.php\/wp-json\/wp\/v2\/product_tag?post=2401"}],"curies":[{"name":"wp","href":"https:\/\/api.w.org\/{rel}","templated":true}]}}