{"id":1409,"date":"2025-01-13T20:04:52","date_gmt":"2025-01-13T19:04:52","guid":{"rendered":""},"modified":"2025-01-14T11:29:47","modified_gmt":"2025-01-14T10:29:47","slug":"solight-termostaticky-spinana-zasuvka-zasuvkovy-termostat-230v-16a-rezim-vykurovania-alebo-chladenia-rozne-teplotne-rezimy","status":"publish","type":"product","link":"https:\/\/naby.sk\/index.php\/produkt\/solight-termostaticky-spinana-zasuvka-zasuvkovy-termostat-230v-16a-rezim-vykurovania-alebo-chladenia-rozne-teplotne-rezimy\/","title":{"rendered":"Solight termostaticky sp\u00ednan\u00e1 z\u00e1suvka, z\u00e1suvkov\u00fd termostat, 230V\/16A, re\u017eim vykurovania alebo chladenia, r\u00f4zne teplotn\u00e9 re\u017eimy"},"content":{"rendered":"<p><UL><br \/>\n<LI> termostaticky sp\u00ednan\u00e1 programovate\u013en\u00e1 z\u00e1suvka pre vn\u00fatorn\u00e9 pou\u017eitie, sp\u00edna pri dosiahnut\u00ed nastavenej teploty<\/LI><br \/>\n<LI> mo\u017enos\u0165 nastavenia r\u00f4znych re\u017eimu pre vykurovania alebo chladenia (a\u017e 6 re\u017eimov pre 24h)<\/LI><br \/>\n<LI> mo\u017enos\u0165 nastavenia pre v\u0161edn\u00fd de\u0148 a v\u00edkend<\/LI><br \/>\n<LI> \u010dasov\u00fd sp\u00edna\u010d, umo\u017e\u0148uje z\u00e1suvku zapn\u00fa\u0165 alebo vypn\u00fa\u0165<\/LI><br \/>\n<LI> automatick\u00fd re\u017eim\/re\u017eim ru\u010dn\u00e9ho nastavenia<\/LI><br \/>\n<LI> presnos\u0165 merania teploty \u00b1 1 \u00b0 C<\/LI><br \/>\n<LI> rozsah nastavenia tepl\u00f4t 5 \u00b0C a\u017e 35 \u00b0C<\/LI><br \/>\n<LI> vlastn\u00e1 spotreba 0,3W<\/LI><br \/>\n<LI> krytie IP20<\/LI><br \/>\n<LI> nap\u00e1janie: 230V\/50Hz, max. Za\u0165a\u017eenie 16A, 3680W<\/LI><br \/>\n<\/UL><\/p>\n","protected":false},"excerpt":{"rendered":"<p>termostaticky sp\u00ednan\u00e1 programovate\u013en\u00e1 z\u00e1suvka pre vn\u00fatorn\u00e9 pou\u017eitie, sp\u00edna pri dosiahnut\u00ed nastavenej teploty mo\u017enos\u0165 nastavenia r\u00f4znych re\u017eimu pre vykurovania alebo chladenia (a\u017e 6 re\u017eimov pre 24h) mo\u017enos\u0165 nastavenia pre v\u0161edn\u00fd de\u0148 a v\u00edkend \u010dasov\u00fd sp\u00edna\u010d, umo\u017e\u0148uje z\u00e1suvku zapn\u00fa\u0165 alebo vypn\u00fa\u0165 automatick\u00fd re\u017eim\/re\u017eim ru\u010dn\u00e9ho nastavenia presnos\u0165 merania teploty \u00b1 1 \u00b0 C rozsah nastavenia tepl\u00f4t 5 \u00b0C [&hellip;]<\/p>\n","protected":false},"featured_media":1414,"comment_status":"open","ping_status":"closed","template":"","meta":[],"product_cat":[163],"product_tag":[],"class_list":{"0":"post-1409","1":"product","2":"type-product","3":"status-publish","4":"has-post-thumbnail","6":"product_cat-casove-spinace","8":"first","9":"instock","10":"shipping-taxable","11":"purchasable","12":"product-type-simple"},"_links":{"self":[{"href":"https:\/\/naby.sk\/index.php\/wp-json\/wp\/v2\/product\/1409","targetHints":{"allow":["GET"]}}],"collection":[{"href":"https:\/\/naby.sk\/index.php\/wp-json\/wp\/v2\/product"}],"about":[{"href":"https:\/\/naby.sk\/index.php\/wp-json\/wp\/v2\/types\/product"}],"replies":[{"embeddable":true,"href":"https:\/\/naby.sk\/index.php\/wp-json\/wp\/v2\/comments?post=1409"}],"wp:featuredmedia":[{"embeddable":true,"href":"https:\/\/naby.sk\/index.php\/wp-json\/wp\/v2\/media\/1414"}],"wp:attachment":[{"href":"https:\/\/naby.sk\/index.php\/wp-json\/wp\/v2\/media?parent=1409"}],"wp:term":[{"taxonomy":"product_cat","embeddable":true,"href":"https:\/\/naby.sk\/index.php\/wp-json\/wp\/v2\/product_cat?post=1409"},{"taxonomy":"product_tag","embeddable":true,"href":"https:\/\/naby.sk\/index.php\/wp-json\/wp\/v2\/product_tag?post=1409"}],"curies":[{"name":"wp","href":"https:\/\/api.w.org\/{rel}","templated":true}]}}