{"id":14004,"date":"2025-01-13T20:46:24","date_gmt":"2025-01-13T19:46:24","guid":{"rendered":""},"modified":"2025-01-14T11:32:05","modified_gmt":"2025-01-14T10:32:05","slug":"solight-digitalny-casovy-spinac-1","status":"publish","type":"product","link":"https:\/\/naby.sk\/index.php\/produkt\/solight-digitalny-casovy-spinac-1\/","title":{"rendered":"Solight digit\u00e1lny \u010dasov\u00fd sp\u00edna\u010d"},"content":{"rendered":"<p><UL><br \/>\n<LI> preh\u013eadn\u00fd LCD displej, ktor\u00fd je mo\u017en\u00e9 nato\u010di\u0165 v mnoh\u00fdch smeroch pre lep\u0161ie \u010d\u00edtanie hodn\u00f4t<\/LI><br \/>\n<LI> 18 denn\u00fdch sp\u00ednac\u00edch cyklov<\/LI><br \/>\n<LI> 15 skup\u00edn na nastavenie r\u00f4znych dn\u00ed<\/LI><br \/>\n<LI> odpo\u010dtov\u00fd \u010dasova\u010d<\/LI><br \/>\n<LI> detsk\u00e9 poistky<\/LI><br \/>\n<LI> pam\u00e4\u0165 pre uchvanie nastaven\u00fdch hodn\u00f4t<\/LI><br \/>\n<LI> presnos\u0165 nastavenia 1 min<\/LI><br \/>\n<LI> prev\u00e1dzkov\u00e1 teplota: -10 + 40 \u00b0C<\/LI><br \/>\n<LI> 230V\/16A (3680W)<\/LI><br \/>\n<\/UL><\/p>\n","protected":false},"excerpt":{"rendered":"<p>preh\u013eadn\u00fd LCD displej, ktor\u00fd je mo\u017en\u00e9 nato\u010di\u0165 v mnoh\u00fdch smeroch pre lep\u0161ie \u010d\u00edtanie hodn\u00f4t 18 denn\u00fdch sp\u00ednac\u00edch cyklov 15 skup\u00edn na nastavenie r\u00f4znych dn\u00ed odpo\u010dtov\u00fd \u010dasova\u010d detsk\u00e9 poistky pam\u00e4\u0165 pre uchvanie nastaven\u00fdch hodn\u00f4t presnos\u0165 nastavenia 1 min prev\u00e1dzkov\u00e1 teplota: -10 + 40 \u00b0C 230V\/16A (3680W)<\/p>\n","protected":false},"featured_media":14015,"comment_status":"open","ping_status":"closed","template":"","meta":[],"product_cat":[163],"product_tag":[],"class_list":{"0":"post-14004","1":"product","2":"type-product","3":"status-publish","4":"has-post-thumbnail","6":"product_cat-casove-spinace","8":"first","9":"instock","10":"shipping-taxable","11":"purchasable","12":"product-type-simple"},"_links":{"self":[{"href":"https:\/\/naby.sk\/index.php\/wp-json\/wp\/v2\/product\/14004","targetHints":{"allow":["GET"]}}],"collection":[{"href":"https:\/\/naby.sk\/index.php\/wp-json\/wp\/v2\/product"}],"about":[{"href":"https:\/\/naby.sk\/index.php\/wp-json\/wp\/v2\/types\/product"}],"replies":[{"embeddable":true,"href":"https:\/\/naby.sk\/index.php\/wp-json\/wp\/v2\/comments?post=14004"}],"wp:featuredmedia":[{"embeddable":true,"href":"https:\/\/naby.sk\/index.php\/wp-json\/wp\/v2\/media\/14015"}],"wp:attachment":[{"href":"https:\/\/naby.sk\/index.php\/wp-json\/wp\/v2\/media?parent=14004"}],"wp:term":[{"taxonomy":"product_cat","embeddable":true,"href":"https:\/\/naby.sk\/index.php\/wp-json\/wp\/v2\/product_cat?post=14004"},{"taxonomy":"product_tag","embeddable":true,"href":"https:\/\/naby.sk\/index.php\/wp-json\/wp\/v2\/product_tag?post=14004"}],"curies":[{"name":"wp","href":"https:\/\/api.w.org\/{rel}","templated":true}]}}