{"id":13973,"date":"2025-01-13T20:46:15","date_gmt":"2025-01-13T19:46:15","guid":{"rendered":""},"modified":"2025-01-14T11:32:05","modified_gmt":"2025-01-14T10:32:05","slug":"solight-infraziaric-vykurovaci-vykon-1200-w-2-nastavitelne-urovne-vykurovania","status":"publish","type":"product","link":"https:\/\/naby.sk\/index.php\/produkt\/solight-infraziaric-vykurovaci-vykon-1200-w-2-nastavitelne-urovne-vykurovania\/","title":{"rendered":"Solight infra\u017eiari\u010d &#8211; vykurovac\u00ed v\u00fdkon 1200 W, 2 nastavite\u013en\u00e9 \u00farovne vykurovania"},"content":{"rendered":"<p><UL><br \/>\n<LI> infra\u017eiari\u010d s v\u00fdkonom 1200 W<\/LI><br \/>\n<LI> krytie IP 24, je vhodn\u00fd do k\u00fape\u013ene a vlhk\u00fdch priestorov<\/LI><br \/>\n<LI> vyk\u00fari miestnost\u00ed o ve\u013ekosti do 30 m3<\/LI><br \/>\n<LI> dva stupne v\u00fdkonu 600, 1200 W<\/LI><br \/>\n<LI> sklopenie k\u00farenia o 50 \u00b0<\/LI><br \/>\n<LI> ovl\u00e1danie pomocou \u0161n\u00farky<\/LI><br \/>\n<LI> ohrieva objekty pred sebou, nie okolit\u00fd vzduch<\/LI><br \/>\n<LI> nap\u00e1janie AC 230 V \/ 50 Hz<\/LI><br \/>\n<\/UL><\/p>\n","protected":false},"excerpt":{"rendered":"<p>infra\u017eiari\u010d s v\u00fdkonom 1200 W krytie IP 24, je vhodn\u00fd do k\u00fape\u013ene a vlhk\u00fdch priestorov vyk\u00fari miestnost\u00ed o ve\u013ekosti do 30 m3 dva stupne v\u00fdkonu 600, 1200 W sklopenie k\u00farenia o 50 \u00b0 ovl\u00e1danie pomocou \u0161n\u00farky ohrieva objekty pred sebou, nie okolit\u00fd vzduch nap\u00e1janie AC 230 V \/ 50 Hz<\/p>\n","protected":false},"featured_media":13978,"comment_status":"open","ping_status":"closed","template":"","meta":[],"product_cat":[158],"product_tag":[],"class_list":{"0":"post-13973","1":"product","2":"type-product","3":"status-publish","4":"has-post-thumbnail","6":"product_cat-teplovzdusne-konvektory","8":"first","9":"instock","10":"shipping-taxable","11":"purchasable","12":"product-type-simple"},"_links":{"self":[{"href":"https:\/\/naby.sk\/index.php\/wp-json\/wp\/v2\/product\/13973","targetHints":{"allow":["GET"]}}],"collection":[{"href":"https:\/\/naby.sk\/index.php\/wp-json\/wp\/v2\/product"}],"about":[{"href":"https:\/\/naby.sk\/index.php\/wp-json\/wp\/v2\/types\/product"}],"replies":[{"embeddable":true,"href":"https:\/\/naby.sk\/index.php\/wp-json\/wp\/v2\/comments?post=13973"}],"wp:featuredmedia":[{"embeddable":true,"href":"https:\/\/naby.sk\/index.php\/wp-json\/wp\/v2\/media\/13978"}],"wp:attachment":[{"href":"https:\/\/naby.sk\/index.php\/wp-json\/wp\/v2\/media?parent=13973"}],"wp:term":[{"taxonomy":"product_cat","embeddable":true,"href":"https:\/\/naby.sk\/index.php\/wp-json\/wp\/v2\/product_cat?post=13973"},{"taxonomy":"product_tag","embeddable":true,"href":"https:\/\/naby.sk\/index.php\/wp-json\/wp\/v2\/product_tag?post=13973"}],"curies":[{"name":"wp","href":"https:\/\/api.w.org\/{rel}","templated":true}]}}