{"id":12674,"date":"2025-01-13T20:41:01","date_gmt":"2025-01-13T19:41:01","guid":{"rendered":""},"modified":"2025-01-14T11:31:49","modified_gmt":"2025-01-14T10:31:49","slug":"solight-vonkajsia-ip-kamera","status":"publish","type":"product","link":"https:\/\/naby.sk\/index.php\/produkt\/solight-vonkajsia-ip-kamera\/","title":{"rendered":"Solight vonkaj\u0161ia IP kamera"},"content":{"rendered":"<p><UL><br \/>\n<B>Preh\u013ead:<\/B><BR><br \/>\nMal\u00e1, \u013eahk\u00e1, nen\u00e1padn\u00e1, ale so skvel\u00fdmi parametrami a prvotriednym obrazom.<br \/>\nS vonkaj\u0161ou kamerou 1D79 m\u00f4\u017eete kontrolova\u0165 svoj dom a majetok takmer odkia\u013eko\u013evek. Jednoducho vytiahnite telef\u00f3n alebo tablet a sledujte svoj dom kdeko\u013evek, kde ste pripojen\u00ed na internet. Kamera je nap\u00e1jan\u00e1 zo zdroja energie, tak\u017ee pon\u00faka \u017eiv\u00e9 vysielanie 24 hod\u00edn denne, 7 dn\u00ed v t\u00fd\u017edni. Alebo prij\u00edmajte upozornenia na mobilnom zariaden\u00ed v okamihu, ke\u010f kamera zaznamen\u00e1 pohyb, a zobrazte si video v mimoriadne ve\u013ekom rozl\u00ed\u0161en\u00ed 1440p (2K QHD).<BR><br \/>\n<BR><br \/>\n<B>Inform\u00e1cie:<\/B><BR><br \/>\n<b>24\/7 \u017eiv\u00fd video prenos:<\/b> T\u00e1to IP kamera funguje prostredn\u00edctvom bezdr\u00f4tovej siete Wi-Fi vo va\u0161ej dom\u00e1cnosti, tak\u017ee m\u00f4\u017eete pristupova\u0165 k \u017eiv\u00fdm a nahrat\u00fdm z\u00e1znamom priamo z mobilnej aplik\u00e1cie vo va\u0161om mobilnom zariaden\u00ed (telef\u00f3n alebo tablet so syst\u00e9mom iOS 8 a vy\u0161\u0161\u00edm alebo Android 5.0 a vy\u0161\u0161\u00edm).<BR><br \/>\n<b>Jednoduch\u00e9 nastavenie:<\/b> In\u0161tal\u00e1cia je tak\u00e1 jednoduch\u00e1; sta\u010d\u00ed kameru zapoji\u0165 do elektriny a nastavi\u0165 pomocou aplik\u00e1cie v telef\u00f3ne. Kameru m\u00f4\u017eete jednoducho pripevni\u0165 na stenu.<BR><br \/>\n<b>Upozornenie na telef\u00f3ne:<\/b> V telef\u00f3ne m\u00f4\u017eete sledova\u0165, ako sa kamera spr\u00e1va, a to aj v pr\u00edpade, \u017ee je v nej umiestnen\u00e1 kamera: Ak zapnete detekciu pohybu, kamera odo\u0161le upozornenie na va\u0161e mobiln\u00e9 zariadenie, ke\u010f sa zaznamen\u00e1 pohyb.<BR><br \/>\n<b>No\u010dn\u00e9 videnie:<\/b> Kamera umo\u017e\u0148uje no\u010dn\u00e9 videnie, ktor\u00e9 v\u00e1m poskytne jasn\u00fd obraz v \u0161ere alebo tme (\u00fa\u010dinnos\u0165 do 10 metrov).<BR><br \/>\n<b>Zvuk:<\/b> 2-cestn\u00fd zvukov\u00fd z\u00e1znam v\u00e1m umo\u017e\u0148uje komunikova\u0165 s \u010dlenmi rodiny alebo priate\u013emi.<BR><br \/>\n<b>Odolnos\u0165 vo\u010di vetru a da\u017e\u010fu:<\/b> Kamera s kryt\u00edm IP65 v\u00e1m umo\u017en\u00ed pracova\u0165 za ka\u017ed\u00e9ho po\u010dasia, preto\u017ee je \u00faplne odoln\u00e1 vo\u010di da\u017e\u010fu, prachu a odol\u00e1va teplot\u00e1m od -20\u00b0C do +45\u00b0C.<BR><br \/>\n<b>Kri\u0161t\u00e1\u013eovo \u010dist\u00fd z\u00e1znam:<\/b> 4Mpx sn\u00edma\u010d CMOS kamery zaznamen\u00e1va kri\u0161t\u00e1\u013eovo \u010dist\u00fd z\u00e1znam v rozl\u00ed\u0161en\u00ed 2K QHD 1440p, tak\u017ee m\u00e1te skvel\u00fd preh\u013ead o tom, \u010do sa deje vo va\u0161ej dom\u00e1cnosti.<BR><br \/>\n<BR><br \/>\n<B>Aplik\u00e1cia Smart Life: <\/B><BR><br \/>\nAplik\u00e1cia je v \u010de\u0161tine, angli\u010dtine a \u010fal\u0161\u00edch jazykoch<br \/>\nJe kompatibiln\u00e1 s Wifi 2,4 GHz, Androidom 5.0 a vy\u0161\u0161\u00edm, iOS 8.0 a vy\u0161\u0161\u00edm, aplik\u00e1ciou Tuya Smart, aplik\u00e1ciou Smart Life , Amazon Echo, Google Home<br \/>\n<BR><BR><br \/>\n<B>Vlastnosti<\/B><br \/>\n<LI>Pripojenie Wi-Fi<\/LI><br \/>\n<LI>Ovl\u00e1danie prostredn\u00edctvom aplik\u00e1cie Smart Life &#8211; iOS\/Android<\/LI><br \/>\n<LI>Detekcia pohybu<\/LI><br \/>\n<LI>Mobiln\u00e9 upozornenia<\/LI><br \/>\n<LI>Nastavenie \u010dasu nahr\u00e1vania<\/LI><br \/>\n<LI>No\u010dn\u00e9 sn\u00edmanie<\/LI><br \/>\n<BR><br \/>\n<B>Parametre:<\/B><br \/>\n<LI>Maxim\u00e1lna ve\u013ekos\u0165 karty: 128 GB <\/LI><br \/>\n<LI>Rozl\u00ed\u0161enie sn\u00edma\u010da: 4 Mpx<\/LI><br \/>\n<LI>Mikrof\u00f3n\/reproduktor: Zabudovan\u00fd<\/LI><br \/>\n<LI>Rozl\u00ed\u0161enie: 1440p (2560&#215;1440)\/15FPS<\/LI><br \/>\n<LI>Kompresia videa: H.264<\/LI><br \/>\n<LI>Uhol poh\u013eadu: 100\u00b0<\/LI><br \/>\n<LI>Stupe\u0148 ochrany: IP65<\/LI><br \/>\n<LI>Nap\u00e1janie: 5V\/1A (DC)<\/LI><br \/>\n<LI>1,3 m dlh\u00fd nap\u00e1jac\u00ed k\u00e1bel + 3 m dlh\u00fd k\u00e1bel s adapt\u00e9rom<\/LI><br \/>\n<LI>Aplik\u00e1cie v Sj<\/LI><br \/>\n<\/UL><\/p>\n","protected":false},"excerpt":{"rendered":"<p>Preh\u013ead: Mal\u00e1, \u013eahk\u00e1, nen\u00e1padn\u00e1, ale so skvel\u00fdmi parametrami a prvotriednym obrazom. S vonkaj\u0161ou kamerou 1D79 m\u00f4\u017eete kontrolova\u0165 svoj dom a majetok takmer odkia\u013eko\u013evek. Jednoducho vytiahnite telef\u00f3n alebo tablet a sledujte svoj dom kdeko\u013evek, kde ste pripojen\u00ed na internet. Kamera je nap\u00e1jan\u00e1 zo zdroja energie, tak\u017ee pon\u00faka \u017eiv\u00e9 vysielanie 24 hod\u00edn denne, 7 dn\u00ed v t\u00fd\u017edni. [&hellip;]<\/p>\n","protected":false},"featured_media":12693,"comment_status":"open","ping_status":"closed","template":"","meta":[],"product_cat":[221],"product_tag":[],"class_list":{"0":"post-12674","1":"product","2":"type-product","3":"status-publish","4":"has-post-thumbnail","6":"product_cat-kamery","8":"first","9":"instock","10":"shipping-taxable","11":"purchasable","12":"product-type-simple"},"_links":{"self":[{"href":"https:\/\/naby.sk\/index.php\/wp-json\/wp\/v2\/product\/12674","targetHints":{"allow":["GET"]}}],"collection":[{"href":"https:\/\/naby.sk\/index.php\/wp-json\/wp\/v2\/product"}],"about":[{"href":"https:\/\/naby.sk\/index.php\/wp-json\/wp\/v2\/types\/product"}],"replies":[{"embeddable":true,"href":"https:\/\/naby.sk\/index.php\/wp-json\/wp\/v2\/comments?post=12674"}],"wp:featuredmedia":[{"embeddable":true,"href":"https:\/\/naby.sk\/index.php\/wp-json\/wp\/v2\/media\/12693"}],"wp:attachment":[{"href":"https:\/\/naby.sk\/index.php\/wp-json\/wp\/v2\/media?parent=12674"}],"wp:term":[{"taxonomy":"product_cat","embeddable":true,"href":"https:\/\/naby.sk\/index.php\/wp-json\/wp\/v2\/product_cat?post=12674"},{"taxonomy":"product_tag","embeddable":true,"href":"https:\/\/naby.sk\/index.php\/wp-json\/wp\/v2\/product_tag?post=12674"}],"curies":[{"name":"wp","href":"https:\/\/api.w.org\/{rel}","templated":true}]}}