{"id":12627,"date":"2025-01-13T20:40:50","date_gmt":"2025-01-13T19:40:50","guid":{"rendered":""},"modified":"2025-01-14T11:31:49","modified_gmt":"2025-01-14T10:31:49","slug":"solight-2z-usb-ac-17w-cestovny-predlzovaci-privod-15m-biely","status":"publish","type":"product","link":"https:\/\/naby.sk\/index.php\/produkt\/solight-2z-usb-ac-17w-cestovny-predlzovaci-privod-15m-biely\/","title":{"rendered":"Solight 2z + USB A+C 17W, cestovn\u00fd predl\u017eovac\u00ed pr\u00edvod 1.5m, biely"},"content":{"rendered":"<p><UL><br \/>\n<P>Predl\u017eovac\u00ed nap\u00e1jac\u00ed k\u00e1bel s dvoma z\u00e1suvkami a USB nab\u00edja\u010dkou. Skladn\u00fd, v\u00fdkonn\u00fd, \u013eahko prenosn\u00fd. Ide\u00e1lny na nab\u00edjanie elektronick\u00fdch zariaden\u00ed na cest\u00e1ch.<\/P><br \/>\n<LI>po\u010det z\u00e1suviek:<\/LI><br \/>\n<LI>2x 230V\/16A, max. 3680W, detsk\u00e9 poistky<\/LI><br \/>\n<LI>1x USB-C, 5V\/3,4A, max. 17W<\/LI><br \/>\n<LI>2x USB-A, 5V\/3,4A, max. 17W<\/LI><br \/>\n<LI>pri s\u00fa\u010dasnom pou\u017eit\u00ed USB A+C alebo A+A+C nab\u00edjanie: max. 5V\/3,4A, max. 17W<\/LI><br \/>\n<LI>PVC k\u00e1bel 1.5m, H05VV-F, 3 x 1,0 mm2<\/LI><br \/>\n<LI>uhlov\u00e1 vidlica s n\u00edzkym profilom od steny, sklopn\u00fd \u00fachyt pre \u013eahk\u00e9 vytiahnutie zo z\u00e1suvky<\/LI><br \/>\n<LI>farba: biela<\/LI><br \/>\n<\/UL><\/p>\n","protected":false},"excerpt":{"rendered":"<p>Predl\u017eovac\u00ed nap\u00e1jac\u00ed k\u00e1bel s dvoma z\u00e1suvkami a USB nab\u00edja\u010dkou. Skladn\u00fd, v\u00fdkonn\u00fd, \u013eahko prenosn\u00fd. Ide\u00e1lny na nab\u00edjanie elektronick\u00fdch zariaden\u00ed na cest\u00e1ch. po\u010det z\u00e1suviek: 2x 230V\/16A, max. 3680W, detsk\u00e9 poistky 1x USB-C, 5V\/3,4A, max. 17W 2x USB-A, 5V\/3,4A, max. 17W pri s\u00fa\u010dasnom pou\u017eit\u00ed USB A+C alebo A+A+C nab\u00edjanie: max. 5V\/3,4A, max. 17W PVC k\u00e1bel 1.5m, H05VV-F, 3 [&hellip;]<\/p>\n","protected":false},"featured_media":12638,"comment_status":"open","ping_status":"closed","template":"","meta":[],"product_cat":[155],"product_tag":[],"class_list":{"0":"post-12627","1":"product","2":"type-product","3":"status-publish","4":"has-post-thumbnail","6":"product_cat-ostatne","8":"first","9":"instock","10":"shipping-taxable","11":"purchasable","12":"product-type-simple"},"_links":{"self":[{"href":"https:\/\/naby.sk\/index.php\/wp-json\/wp\/v2\/product\/12627","targetHints":{"allow":["GET"]}}],"collection":[{"href":"https:\/\/naby.sk\/index.php\/wp-json\/wp\/v2\/product"}],"about":[{"href":"https:\/\/naby.sk\/index.php\/wp-json\/wp\/v2\/types\/product"}],"replies":[{"embeddable":true,"href":"https:\/\/naby.sk\/index.php\/wp-json\/wp\/v2\/comments?post=12627"}],"wp:featuredmedia":[{"embeddable":true,"href":"https:\/\/naby.sk\/index.php\/wp-json\/wp\/v2\/media\/12638"}],"wp:attachment":[{"href":"https:\/\/naby.sk\/index.php\/wp-json\/wp\/v2\/media?parent=12627"}],"wp:term":[{"taxonomy":"product_cat","embeddable":true,"href":"https:\/\/naby.sk\/index.php\/wp-json\/wp\/v2\/product_cat?post=12627"},{"taxonomy":"product_tag","embeddable":true,"href":"https:\/\/naby.sk\/index.php\/wp-json\/wp\/v2\/product_tag?post=12627"}],"curies":[{"name":"wp","href":"https:\/\/api.w.org\/{rel}","templated":true}]}}